{"id":804,"date":"2014-05-30T08:42:12","date_gmt":"2014-05-30T08:42:12","guid":{"rendered":""},"modified":"2025-01-03T13:00:46","modified_gmt":"2025-01-03T13:00:46","slug":"frontpage","status":"publish","type":"page","link":"https:\/\/paradisegardenduesseldorf.de\/?page_id=804","title":{"rendered":"Home Page"},"content":{"rendered":"\t<div class=\"pixcode  pixcode--grid  grid\" >\n\t\t\t<div class=\"island grid__item six-twelfths palm-one-whole\" >\n\t\t\n<p style=\"text-align: center;\"><hgroup class=\"pixcode  pixcode--heading article__headline\">\n\t<h2 class=\"headline__secondary\"><span class=\"first-letter\">\u00dc<\/span>ber<\/h2>\n\t<h1 class=\"headline__primary\">Uns<\/h1>\n<\/hgroup>\n<p style=\"text-align: center;\"><div class=\"pixcode  pixcode--separator  separator separator--flower separator_color--color\">&#10043;<\/div>\n\n<p style=\"text-align: center;\">Willkommen bei Paradise Garden, Ihrer Oase f\u00fcr authentische griechische K\u00fcche in D\u00fcsseldorf. Unsere Taverne vereint traditionelle Aromen Griechenlands mit modernem Flair, um Ihnen ein einzigartiges kulinarisches Erlebnis zu bieten.Unser Team von leidenschaftlichen K\u00f6chen bereitet jedes Gericht mit Liebe zum Detail zu, von frischen Meeresfr\u00fcchten bis zu saftig gegrilltem Fleisch.<\/p>\n<p style=\"text-align: center;\"><a  class=\"pixcode  pixcode--btn  btn  btn--text\" href=\"https:\/\/paradisegardenduesseldorf.de\/?page_id=37\" >Erfahren Sie mehr<\/a>\n\t<\/div>\n\t<div class=\"grid__item six-twelfths palm-one-whole\" >\n\t\t\n<div id='gallery-1' class='gallery galleryid-804 gallery-columns-1 gallery-size-full'><figure class='gallery-item'>\n\t\t\t<div class='gallery-icon landscape'>\n\t\t\t\t<img loading=\"lazy\" decoding=\"async\" width=\"654\" height=\"500\" src=\"https:\/\/paradisegardenduesseldorf.de\/wp-content\/uploads\/2023\/12\/paradise-arxiki2-1.png\" class=\"attachment-full size-full\" alt=\"\" srcset=\"https:\/\/paradisegardenduesseldorf.de\/wp-content\/uploads\/2023\/12\/paradise-arxiki2-1.png 654w, https:\/\/paradisegardenduesseldorf.de\/wp-content\/uploads\/2023\/12\/paradise-arxiki2-1-300x229.png 300w, https:\/\/paradisegardenduesseldorf.de\/wp-content\/uploads\/2023\/12\/paradise-arxiki2-1-400x306.png 400w\" sizes=\"auto, (max-width: 654px) 100vw, 654px\" \/>\n\t\t\t<\/div><\/figure>\n\t\t<\/div>\n\n\t<\/div>\n\t<\/div>\n\n<hgroup class=\"pixcode  pixcode--heading article__headline\">\n\t<h2 class=\"headline__secondary\"><span class=\"first-letter\">E<\/span>ntdecken<\/h2>\n\t<h1 class=\"headline__primary\">Speisekarte<\/h1>\n<\/hgroup>\n<div class=\"pixcode  pixcode--separator  separator separator--flower separator_color--dark\">&#10043;<\/div>\n\n<p style=\"text-align: center;\">Unsere Speisen werden mit Leidenschaft und traditionellen Methoden zubereitet, insbesondere auf dem Holzgrill. Jedes Gericht erh\u00e4lt durch diese besondere Zubereitungsart einen einzigartigen Geschmack, der die Aromen der mediterranen K\u00fcche perfekt zur Geltung bringt. Wir laden Sie ein, bei uns die Kunst des Grillens in vollen Z\u00fcgen zu erleben und sich von unserer griechischen Gastfreundschaft verw\u00f6hnen zu lassen. Wir freuen uns darauf, Sie im Wintergarten, im Biergarten oder im gem\u00fctlichen Innenbereich willkommen zu hei\u00dfen. Yamas!<\/p>\n<p style=\"text-align: center;\"><a  class=\"pixcode  pixcode--btn  btn  btn--text\" href=\"https:\/\/paradisegardenduesseldorf.de\/?page_id=69\" >Sehen Sie sich das vollst\u00e4ndige Men\u00fc an<\/a>\n<div id='gallery-2' class='gallery galleryid-804 gallery-columns-3 gallery-size-medium'><figure class='gallery-item'>\n\t\t\t<div class='gallery-icon landscape'>\n\t\t\t\t<a data-title=\"menu2\" data-alt=\"\" href='https:\/\/paradisegardenduesseldorf.de\/wp-content\/uploads\/2023\/12\/menu2.jpg'><img loading=\"lazy\" decoding=\"async\" width=\"276\" height=\"192\" src=\"https:\/\/paradisegardenduesseldorf.de\/wp-content\/uploads\/2023\/12\/menu2.jpg\" class=\"attachment-medium size-medium\" alt=\"\" \/><\/a>\n\t\t\t<\/div><\/figure><figure class='gallery-item'>\n\t\t\t<div class='gallery-icon landscape'>\n\t\t\t\t<a data-title=\"menu1\" data-alt=\"\" href='https:\/\/paradisegardenduesseldorf.de\/wp-content\/uploads\/2023\/12\/menu1.jpg'><img loading=\"lazy\" decoding=\"async\" width=\"276\" height=\"192\" src=\"https:\/\/paradisegardenduesseldorf.de\/wp-content\/uploads\/2023\/12\/menu1.jpg\" class=\"attachment-medium size-medium\" alt=\"\" \/><\/a>\n\t\t\t<\/div><\/figure><figure class='gallery-item'>\n\t\t\t<div class='gallery-icon landscape'>\n\t\t\t\t<a data-title=\"menu3\" data-alt=\"\" href='https:\/\/paradisegardenduesseldorf.de\/wp-content\/uploads\/2023\/12\/menu3.jpg'><img loading=\"lazy\" decoding=\"async\" width=\"276\" height=\"192\" src=\"https:\/\/paradisegardenduesseldorf.de\/wp-content\/uploads\/2023\/12\/menu3.jpg\" class=\"attachment-medium size-medium\" alt=\"\" \/><\/a>\n\t\t\t<\/div><\/figure><figure class='gallery-item'>\n\t\t\t<div class='gallery-icon landscape'>\n\t\t\t\t<a data-title=\"menu4\" data-alt=\"\" href='https:\/\/paradisegardenduesseldorf.de\/wp-content\/uploads\/2023\/12\/menu4.jpg'><img loading=\"lazy\" decoding=\"async\" width=\"272\" height=\"192\" src=\"https:\/\/paradisegardenduesseldorf.de\/wp-content\/uploads\/2023\/12\/menu4.jpg\" class=\"attachment-medium size-medium\" alt=\"\" \/><\/a>\n\t\t\t<\/div><\/figure><figure class='gallery-item'>\n\t\t\t<div class='gallery-icon landscape'>\n\t\t\t\t<a data-title=\"souvlakia\" data-alt=\"\" href='https:\/\/paradisegardenduesseldorf.de\/wp-content\/uploads\/2023\/12\/souvlakia.jpg'><img loading=\"lazy\" decoding=\"async\" width=\"276\" height=\"192\" src=\"https:\/\/paradisegardenduesseldorf.de\/wp-content\/uploads\/2023\/12\/souvlakia.jpg\" class=\"attachment-medium size-medium\" alt=\"\" \/><\/a>\n\t\t\t<\/div><\/figure><figure class='gallery-item'>\n\t\t\t<div class='gallery-icon landscape'>\n\t\t\t\t<a data-title=\"SNITSEL2\" data-alt=\"\" href='https:\/\/paradisegardenduesseldorf.de\/wp-content\/uploads\/2024\/02\/SNITSEL2.jpg'><img loading=\"lazy\" decoding=\"async\" width=\"272\" height=\"192\" src=\"https:\/\/paradisegardenduesseldorf.de\/wp-content\/uploads\/2024\/02\/SNITSEL2.jpg\" class=\"attachment-medium size-medium\" alt=\"\" \/><\/a>\n\t\t\t<\/div><\/figure>\n\t\t<\/div>\n\n<hr class=\"pixcode  pixcode--separator  separator\"\/>\n\n\t<div class=\"pixcode  pixcode--grid  grid\" >\n\t\t\t<div class=\"island grid__item six-twelfths palm-one-whole\" >\n\t\t\n<hgroup class=\"pixcode  pixcode--heading article__headline\">\n\t<h2 class=\"headline__secondary\"><span class=\"first-letter\">U<\/span>nser<\/h2>\n\t<h1 class=\"headline__primary\">Platz<\/h1>\n<\/hgroup>\n<div class=\"pixcode  pixcode--separator  separator separator--flower separator_color--dark\">&#10043;<\/div>\n\n<p style=\"text-align: center;\">Unser Wintergarten bietet Ihnen selbst in den k\u00e4lteren Monaten ein gem\u00fctliches Ambiente, damit Sie Ihre griechischen Gaumenfreuden in einem behaglichen Rahmen erleben k\u00f6nnen. In den warmen Sommermonaten l\u00e4dt unser Biergarten dazu ein, die Sonne zu sp\u00fcren und unter freiem Himmel zu speisen. Hier k\u00f6nnen Sie sich von der lebendigen Atmosph\u00e4re inspirieren lassen und gleichzeitig unsere erlesenen Gerichte unter dem blauen Himmel genie\u00dfen.<\/p>\n<p style=\"text-align: center;\"><a  class=\"pixcode  pixcode--btn  btn  btn--text\" href=\"https:\/\/paradisegardenduesseldorf.de\/?page_id=116\" >EINE RESERVIERUNG MACHEN<\/a>\n\t<\/div>\n\t<div class=\"grid__item six-twelfths palm-one-whole\" >\n\t\t\n<div id='gallery-3' class='gallery galleryid-804 gallery-columns-1 gallery-size-full'><figure class='gallery-item'>\n\t\t\t<div class='gallery-icon landscape'>\n\t\t\t\t<img loading=\"lazy\" decoding=\"async\" width=\"580\" height=\"471\" src=\"https:\/\/paradisegardenduesseldorf.de\/wp-content\/uploads\/2023\/12\/paradise-garden.jpg\" class=\"attachment-full size-full\" alt=\"\" srcset=\"https:\/\/paradisegardenduesseldorf.de\/wp-content\/uploads\/2023\/12\/paradise-garden.jpg 580w, https:\/\/paradisegardenduesseldorf.de\/wp-content\/uploads\/2023\/12\/paradise-garden-300x244.jpg 300w, https:\/\/paradisegardenduesseldorf.de\/wp-content\/uploads\/2023\/12\/paradise-garden-400x325.jpg 400w\" sizes=\"auto, (max-width: 580px) 100vw, 580px\" \/>\n\t\t\t<\/div><\/figure>\n\t\t<\/div>\n\n\t<\/div>\n\n\t<\/div>\n\n<p>&nbsp;<\/p>\n<h3 class=\"flush--top\" style=\"text-align: center;\"><strong>JETZT TISCH RESERVIEREN!<\/strong><br \/>\n<strong>KONTAKT<\/strong><\/h3>\n\n<div class=\"wpcf7 no-js\" id=\"wpcf7-f851-o1\" lang=\"el\" dir=\"ltr\" data-wpcf7-id=\"851\">\n<div class=\"screen-reader-response\"><p role=\"status\" aria-live=\"polite\" aria-atomic=\"true\"><\/p> <ul><\/ul><\/div>\n<form action=\"\/index.php?rest_route=%2Fwp%2Fv2%2Fpages%2F804#wpcf7-f851-o1\" method=\"post\" class=\"wpcf7-form init\" aria-label=\"\u03a6\u03cc\u03c1\u03bc\u03b1 \u03b5\u03c0\u03b9\u03ba\u03bf\u03b9\u03bd\u03c9\u03bd\u03af\u03b1\u03c2\" novalidate=\"novalidate\" data-status=\"init\">\n<div style=\"display: none;\">\n<input type=\"hidden\" name=\"_wpcf7\" value=\"851\" \/>\n<input type=\"hidden\" name=\"_wpcf7_version\" value=\"6.0.6\" \/>\n<input type=\"hidden\" name=\"_wpcf7_locale\" value=\"el\" \/>\n<input type=\"hidden\" name=\"_wpcf7_unit_tag\" value=\"wpcf7-f851-o1\" \/>\n<input type=\"hidden\" name=\"_wpcf7_container_post\" value=\"0\" \/>\n<input type=\"hidden\" name=\"_wpcf7_posted_data_hash\" value=\"\" \/>\n<\/div>\n<p><label> Ihr Name<br \/>\n<span class=\"wpcf7-form-control-wrap\" data-name=\"your-name\"><input size=\"40\" maxlength=\"400\" class=\"wpcf7-form-control wpcf7-text wpcf7-validates-as-required\" autocomplete=\"name\" aria-required=\"true\" aria-invalid=\"false\" value=\"\" type=\"text\" name=\"your-name\" \/><\/span> <\/label>\n<\/p>\n<p><label> Ihre E-Mail<br \/>\n<span class=\"wpcf7-form-control-wrap\" data-name=\"your-email\"><input size=\"40\" maxlength=\"400\" class=\"wpcf7-form-control wpcf7-email wpcf7-validates-as-required wpcf7-text wpcf7-validates-as-email\" autocomplete=\"email\" aria-required=\"true\" aria-invalid=\"false\" value=\"\" type=\"email\" name=\"your-email\" \/><\/span> <\/label>\n<\/p>\n<p><label> Telefon<br \/>\n<span class=\"wpcf7-form-control-wrap\" data-name=\"your-subject\"><input size=\"40\" maxlength=\"400\" class=\"wpcf7-form-control wpcf7-text wpcf7-validates-as-required\" aria-required=\"true\" aria-invalid=\"false\" value=\"\" type=\"text\" name=\"your-subject\" \/><\/span> <\/label>\n<\/p>\n<p><label> Ihre Nachricht<br \/>\n<span class=\"wpcf7-form-control-wrap\" data-name=\"your-message\"><textarea cols=\"40\" rows=\"10\" maxlength=\"2000\" class=\"wpcf7-form-control wpcf7-textarea\" aria-invalid=\"false\" name=\"your-message\"><\/textarea><\/span> <\/label>\n<\/p>\n<p><input class=\"wpcf7-form-control wpcf7-submit has-spinner\" type=\"submit\" value=\"Vorlage\" \/>\n<\/p><div class=\"wpcf7-response-output\" aria-hidden=\"true\"><\/div>\n<\/form>\n<\/div>\n\n<blockquote><p><strong><img loading=\"lazy\" decoding=\"async\" class=\"alignnone wp-image-874\" src=\"https:\/\/paradisegardenduesseldorf.de\/wp-content\/uploads\/2023\/12\/2216335_location_map_map-pin_marker_pin_icon.png\" alt=\"\" width=\"40\" height=\"40\" \/>Siegburger Str. 87, 40591 D\u00fcsseldorf, GERMANY<br \/>\n<\/strong><strong><img loading=\"lazy\" decoding=\"async\" class=\"alignnone wp-image-870\" src=\"https:\/\/paradisegardenduesseldorf.de\/wp-content\/uploads\/2023\/12\/134149_phone_call_telephone_icon.png\" alt=\"\" width=\"26\" height=\"26\" \/> \u00a0 +49 211 78 77 28<br \/>\n<img loading=\"lazy\" decoding=\"async\" class=\"wp-image-869 alignnone\" src=\"https:\/\/paradisegardenduesseldorf.de\/wp-content\/uploads\/2023\/12\/134146_mail_email_icon.png\" alt=\"\" width=\"24\" height=\"24\" \/>\u00a0 \u00a0paradiseg2023@gmail.com<\/strong><\/p>\n<p><img loading=\"lazy\" decoding=\"async\" class=\"alignnone wp-image-1179\" src=\"https:\/\/paradisegardenduesseldorf.de\/wp-content\/uploads\/2024\/02\/pistotiki-karta.jpg\" alt=\"\" width=\"123\" height=\"123\" srcset=\"https:\/\/paradisegardenduesseldorf.de\/wp-content\/uploads\/2024\/02\/pistotiki-karta.jpg 300w, https:\/\/paradisegardenduesseldorf.de\/wp-content\/uploads\/2024\/02\/pistotiki-karta-150x150.jpg 150w\" sizes=\"auto, (max-width: 123px) 100vw, 123px\" \/><\/p><\/blockquote>\n\t<div class=\"pixcode  pixcode--grid  grid\" >\n\t\t\t<div class=\"promo-box grid__item one-whole palm-one-whole\" >\n\t\t<div class=\"promo-box__container\">\n<h4 style=\"text-align: center;\">follow us on social media<\/h4>\n<p style=\"text-align: center;\"><a href=\"https:\/\/www.facebook.com\/profile.php?id=61554721948805&amp;locale=el_GR\" target=\"_blank\" rel=\"noopener\"><img loading=\"lazy\" decoding=\"async\" class=\"alignnone wp-image-871\" src=\"https:\/\/paradisegardenduesseldorf.de\/wp-content\/uploads\/2023\/12\/1964400_facebook_logo_media_social_icon.png\" alt=\"\" width=\"57\" height=\"57\" \/><\/a> \u00a0<a href=\"https:\/\/www.instagram.com\/paradisegarden_duesseldorf\/?igshid=OGQ5ZDc2ODk2ZA%3D%3D\" target=\"_blank\" rel=\"noopener\"><img loading=\"lazy\" decoding=\"async\" class=\"alignnone wp-image-868\" src=\"https:\/\/paradisegardenduesseldorf.de\/wp-content\/uploads\/2023\/12\/7693314_instagram.png\" alt=\"\" width=\"57\" height=\"57\" \/> <\/a><a href=\"https:\/\/www.tripadvisor.com.gr\/Restaurant_Review-g20881794-d27110099-Reviews-Paradise_Garden-Duesseldorf_North_Rhine_Westphalia.html?m=19905\" target=\"_blank\" rel=\"noopener\"><img loading=\"lazy\" decoding=\"async\" class=\"alignnone wp-image-1105\" src=\"https:\/\/paradisegardenduesseldorf.de\/wp-content\/uploads\/2024\/01\/tripadvisor-300x300.png\" alt=\"\" width=\"57\" height=\"57\" srcset=\"https:\/\/paradisegardenduesseldorf.de\/wp-content\/uploads\/2024\/01\/tripadvisor-300x300.png 300w, https:\/\/paradisegardenduesseldorf.de\/wp-content\/uploads\/2024\/01\/tripadvisor-150x150.png 150w, https:\/\/paradisegardenduesseldorf.de\/wp-content\/uploads\/2024\/01\/tripadvisor-400x400.png 400w, https:\/\/paradisegardenduesseldorf.de\/wp-content\/uploads\/2024\/01\/tripadvisor.png 512w\" sizes=\"auto, (max-width: 57px) 100vw, 57px\" \/><\/a><\/p>\n<\/div>\t<\/div>\n\n\t<\/div>\n\n<div style=\"width: 480px;\" class=\"wp-video\"><video class=\"wp-video-shortcode\" id=\"video-804-1\" width=\"480\" height=\"848\" autoplay preload=\"metadata\" controls=\"controls\"><source type=\"video\/mp4\" src=\"https:\/\/paradisegardenduesseldorf.de\/wp-content\/uploads\/2025\/01\/video-23bbc4ca711d20e6faa401796533d548-V.mp4?_=1\" \/><a href=\"https:\/\/paradisegardenduesseldorf.de\/wp-content\/uploads\/2025\/01\/video-23bbc4ca711d20e6faa401796533d548-V.mp4\">https:\/\/paradisegardenduesseldorf.de\/wp-content\/uploads\/2025\/01\/video-23bbc4ca711d20e6faa401796533d548-V.mp4<\/a><\/video><\/div>\n","protected":false},"excerpt":{"rendered":"<p>Unsere Speisen werden mit Leidenschaft und traditionellen Methoden zubereitet, insbesondere auf dem Holzgrill. Jedes Gericht erh\u00e4lt durch diese besondere Zubereitungsart einen einzigartigen Geschmack, der die Aromen der mediterranen K\u00fcche perfekt zur Geltung bringt. Wir laden Sie ein, bei uns die Kunst des Grillens in vollen Z\u00fcgen zu erleben und sich von unserer griechischen Gastfreundschaft verw\u00f6hnen [&hellip;]<\/p>\n","protected":false},"author":1,"featured_media":1168,"parent":0,"menu_order":0,"comment_status":"closed","ping_status":"closed","template":"","meta":{"footnotes":""},"class_list":["post-804","page","type-page","status-publish","has-post-thumbnail","hentry"],"_links":{"self":[{"href":"https:\/\/paradisegardenduesseldorf.de\/index.php?rest_route=\/wp\/v2\/pages\/804","targetHints":{"allow":["GET"]}}],"collection":[{"href":"https:\/\/paradisegardenduesseldorf.de\/index.php?rest_route=\/wp\/v2\/pages"}],"about":[{"href":"https:\/\/paradisegardenduesseldorf.de\/index.php?rest_route=\/wp\/v2\/types\/page"}],"author":[{"embeddable":true,"href":"https:\/\/paradisegardenduesseldorf.de\/index.php?rest_route=\/wp\/v2\/users\/1"}],"replies":[{"embeddable":true,"href":"https:\/\/paradisegardenduesseldorf.de\/index.php?rest_route=%2Fwp%2Fv2%2Fcomments&post=804"}],"version-history":[{"count":88,"href":"https:\/\/paradisegardenduesseldorf.de\/index.php?rest_route=\/wp\/v2\/pages\/804\/revisions"}],"predecessor-version":[{"id":1217,"href":"https:\/\/paradisegardenduesseldorf.de\/index.php?rest_route=\/wp\/v2\/pages\/804\/revisions\/1217"}],"wp:featuredmedia":[{"embeddable":true,"href":"https:\/\/paradisegardenduesseldorf.de\/index.php?rest_route=\/wp\/v2\/media\/1168"}],"wp:attachment":[{"href":"https:\/\/paradisegardenduesseldorf.de\/index.php?rest_route=%2Fwp%2Fv2%2Fmedia&parent=804"}],"curies":[{"name":"wp","href":"https:\/\/api.w.org\/{rel}","templated":true}]}}