{"id":116,"date":"2014-05-30T14:17:08","date_gmt":"2014-05-30T14:17:08","guid":{"rendered":""},"modified":"2025-12-04T21:56:00","modified_gmt":"2025-12-04T21:56:00","slug":"contact","status":"publish","type":"page","link":"https:\/\/paradisegardenduesseldorf.de\/?page_id=116","title":{"rendered":"Kontakt"},"content":{"rendered":"\t<div class=\"pixcode  pixcode--grid  grid\" >\n\t\t\t<div class=\"grid__item six-twelfths palm-one-whole\" >\n\t\t\n<h3 class=\"flush--top\">Kontakt<\/h3>\n<p>F\u00fcr eine Reservierung k\u00f6nnen Sie das Kontaktformular ausf\u00fcllen oder uns unter +49 211 78 77 28 kontaktieren.<\/p>\n<p><strong>\u00d6ffnungszeiten:<\/strong><br \/>\nMittwoch \u2013 Samstag : 16:00 \u2013 23:00 Uhr<br \/>\nSonntag: 12:00- 21:00 Uhr<br \/>\nMontag- Dienstag: Ruhetag<\/p>\n<p><strong style=\"font-family: inherit;\"><img loading=\"lazy\" decoding=\"async\" class=\"alignnone wp-image-874\" src=\"https:\/\/paradisegardenduesseldorf.de\/wp-content\/uploads\/2023\/12\/2216335_location_map_map-pin_marker_pin_icon.png\" alt=\"\" width=\"50\" height=\"50\" \/>Siegburger Str. 87, 40591 D\u00fcsseldorf, GERMANY<\/strong><\/p>\n<p><strong><img loading=\"lazy\" decoding=\"async\" class=\"alignnone wp-image-870\" src=\"https:\/\/paradisegardenduesseldorf.de\/wp-content\/uploads\/2023\/12\/134149_phone_call_telephone_icon.png\" alt=\"\" width=\"31\" height=\"31\" \/> \u00a0 +49 211 78 77 28\u00a0 \u00a0<img loading=\"lazy\" decoding=\"async\" class=\"wp-image-869 alignnone\" src=\"https:\/\/paradisegardenduesseldorf.de\/wp-content\/uploads\/2023\/12\/134146_mail_email_icon.png\" alt=\"\" width=\"31\" height=\"31\" \/>\u00a0 \u00a0paradiseg2023@gmail.com<\/strong><\/p>\n<h3 class=\"flush--top\"><span class=\"Y2IQFc\" lang=\"de\">FOLGEN SIE UNS<\/span><\/h3>\n<p><a href=\"https:\/\/www.facebook.com\/profile.php?id=61554721948805&amp;locale=el_GR\" target=\"_blank\" rel=\"noopener\"><img loading=\"lazy\" decoding=\"async\" class=\"alignnone wp-image-871\" src=\"https:\/\/paradisegardenduesseldorf.de\/wp-content\/uploads\/2023\/12\/1964400_facebook_logo_media_social_icon.png\" alt=\"\" width=\"54\" height=\"54\" \/><\/a> \u00a0\u00a0 <a href=\"https:\/\/www.instagram.com\/paradisegarden_duesseldorf\/?igshid=OGQ5ZDc2ODk2ZA%3D%3D\" target=\"_blank\" rel=\"noopener\"><img loading=\"lazy\" decoding=\"async\" class=\"alignnone wp-image-868\" src=\"https:\/\/paradisegardenduesseldorf.de\/wp-content\/uploads\/2023\/12\/7693314_instagram.png\" alt=\"\" width=\"54\" height=\"54\" \/> <\/a>\u00a0 <a href=\"https:\/\/www.tripadvisor.com.gr\/Restaurant_Review-g20881794-d27110099-Reviews-Paradise_Garden-Duesseldorf_North_Rhine_Westphalia.html\" target=\"_blank\" rel=\"noopener\"><img loading=\"lazy\" decoding=\"async\" class=\"alignnone wp-image-1105\" src=\"https:\/\/paradisegardenduesseldorf.de\/wp-content\/uploads\/2024\/01\/tripadvisor-300x300.png\" alt=\"\" width=\"54\" height=\"54\" srcset=\"https:\/\/paradisegardenduesseldorf.de\/wp-content\/uploads\/2024\/01\/tripadvisor-300x300.png 300w, https:\/\/paradisegardenduesseldorf.de\/wp-content\/uploads\/2024\/01\/tripadvisor-150x150.png 150w, https:\/\/paradisegardenduesseldorf.de\/wp-content\/uploads\/2024\/01\/tripadvisor-400x400.png 400w, https:\/\/paradisegardenduesseldorf.de\/wp-content\/uploads\/2024\/01\/tripadvisor.png 512w\" sizes=\"auto, (max-width: 54px) 100vw, 54px\" \/><\/a><\/p>\n<p><iframe loading=\"lazy\" style=\"border: 0;\" src=\"https:\/\/www.google.com\/maps\/embed?pb=!1m18!1m12!1m3!1d2499.879750504429!2d6.8098614!3d51.202867399999995!2m3!1f0!2f0!3f0!3m2!1i1024!2i768!4f13.1!3m3!1m2!1s0x47b8cba4f11c287f%3A0xb97426e25b2c5c7!2sParadise%20Garden!5e0!3m2!1sel!2sgr!4v1702663982828!5m2!1sel!2sgr\" width=\"400\" height=\"300\" allowfullscreen=\"allowfullscreen\"><\/iframe><\/p>\n\t<\/div>\n\n\t<div class=\"grid__item six-twelfths palm-one-whole\" >\n\t\t\n<h3 class=\"flush--top\"><span class=\"Y2IQFc\" lang=\"de\">Kontakt Formular<\/span><\/h3>\n\n<div class=\"wpcf7 no-js\" id=\"wpcf7-f851-o1\" lang=\"el\" dir=\"ltr\" data-wpcf7-id=\"851\">\n<div class=\"screen-reader-response\"><p role=\"status\" aria-live=\"polite\" aria-atomic=\"true\"><\/p> <ul><\/ul><\/div>\n<form action=\"\/index.php?rest_route=%2Fwp%2Fv2%2Fpages%2F116#wpcf7-f851-o1\" method=\"post\" class=\"wpcf7-form init\" aria-label=\"\u03a6\u03cc\u03c1\u03bc\u03b1 \u03b5\u03c0\u03b9\u03ba\u03bf\u03b9\u03bd\u03c9\u03bd\u03af\u03b1\u03c2\" novalidate=\"novalidate\" data-status=\"init\">\n<div style=\"display: none;\">\n<input type=\"hidden\" name=\"_wpcf7\" value=\"851\" \/>\n<input type=\"hidden\" name=\"_wpcf7_version\" value=\"6.0.6\" \/>\n<input type=\"hidden\" name=\"_wpcf7_locale\" value=\"el\" \/>\n<input type=\"hidden\" name=\"_wpcf7_unit_tag\" value=\"wpcf7-f851-o1\" \/>\n<input type=\"hidden\" name=\"_wpcf7_container_post\" value=\"0\" \/>\n<input type=\"hidden\" name=\"_wpcf7_posted_data_hash\" value=\"\" \/>\n<\/div>\n<p><label> Ihr Name<br \/>\n<span class=\"wpcf7-form-control-wrap\" data-name=\"your-name\"><input size=\"40\" maxlength=\"400\" class=\"wpcf7-form-control wpcf7-text wpcf7-validates-as-required\" autocomplete=\"name\" aria-required=\"true\" aria-invalid=\"false\" value=\"\" type=\"text\" name=\"your-name\" \/><\/span> <\/label>\n<\/p>\n<p><label> Ihre E-Mail<br \/>\n<span class=\"wpcf7-form-control-wrap\" data-name=\"your-email\"><input size=\"40\" maxlength=\"400\" class=\"wpcf7-form-control wpcf7-email wpcf7-validates-as-required wpcf7-text wpcf7-validates-as-email\" autocomplete=\"email\" aria-required=\"true\" aria-invalid=\"false\" value=\"\" type=\"email\" name=\"your-email\" \/><\/span> <\/label>\n<\/p>\n<p><label> Telefon<br \/>\n<span class=\"wpcf7-form-control-wrap\" data-name=\"your-subject\"><input size=\"40\" maxlength=\"400\" class=\"wpcf7-form-control wpcf7-text wpcf7-validates-as-required\" aria-required=\"true\" aria-invalid=\"false\" value=\"\" type=\"text\" name=\"your-subject\" \/><\/span> <\/label>\n<\/p>\n<p><label> Ihre Nachricht<br \/>\n<span class=\"wpcf7-form-control-wrap\" data-name=\"your-message\"><textarea cols=\"40\" rows=\"10\" maxlength=\"2000\" class=\"wpcf7-form-control wpcf7-textarea\" aria-invalid=\"false\" name=\"your-message\"><\/textarea><\/span> <\/label>\n<\/p>\n<p><input class=\"wpcf7-form-control wpcf7-submit has-spinner\" type=\"submit\" value=\"Vorlage\" \/>\n<\/p><div class=\"wpcf7-response-output\" aria-hidden=\"true\"><\/div>\n<\/form>\n<\/div>\n\n\t<\/div>\n\n\t<\/div>\n\n<p>&nbsp;<\/p>\n","protected":false},"excerpt":{"rendered":"<p>&nbsp;<\/p>\n","protected":false},"author":1,"featured_media":920,"parent":0,"menu_order":0,"comment_status":"closed","ping_status":"closed","template":"","meta":{"footnotes":""},"class_list":["post-116","page","type-page","status-publish","has-post-thumbnail","hentry"],"_links":{"self":[{"href":"https:\/\/paradisegardenduesseldorf.de\/index.php?rest_route=\/wp\/v2\/pages\/116","targetHints":{"allow":["GET"]}}],"collection":[{"href":"https:\/\/paradisegardenduesseldorf.de\/index.php?rest_route=\/wp\/v2\/pages"}],"about":[{"href":"https:\/\/paradisegardenduesseldorf.de\/index.php?rest_route=\/wp\/v2\/types\/page"}],"author":[{"embeddable":true,"href":"https:\/\/paradisegardenduesseldorf.de\/index.php?rest_route=\/wp\/v2\/users\/1"}],"replies":[{"embeddable":true,"href":"https:\/\/paradisegardenduesseldorf.de\/index.php?rest_route=%2Fwp%2Fv2%2Fcomments&post=116"}],"version-history":[{"count":36,"href":"https:\/\/paradisegardenduesseldorf.de\/index.php?rest_route=\/wp\/v2\/pages\/116\/revisions"}],"predecessor-version":[{"id":1232,"href":"https:\/\/paradisegardenduesseldorf.de\/index.php?rest_route=\/wp\/v2\/pages\/116\/revisions\/1232"}],"wp:featuredmedia":[{"embeddable":true,"href":"https:\/\/paradisegardenduesseldorf.de\/index.php?rest_route=\/wp\/v2\/media\/920"}],"wp:attachment":[{"href":"https:\/\/paradisegardenduesseldorf.de\/index.php?rest_route=%2Fwp%2Fv2%2Fmedia&parent=116"}],"curies":[{"name":"wp","href":"https:\/\/api.w.org\/{rel}","templated":true}]}}